ose 2*s + a = 3*y - 81, -4*y + 370 = -3*s. Is y composite?
True
Suppose -5*b + 8*b + 3 = 0. Is 4/6 - b*2307/9 composite?
False
Let s(j) = 38*j**2 - 1. Let d(f) = -39*f**2 - f + 1. Let q(p) = -5*d(p) - 4*s(p). Let w(n) = -n**2 - 11*n - 15. Let h be w(-10). Is q(h) composite?
False
Suppose -2*z + 780 = -2*w, -3*z + 2*w + 888 + 281 = 0. Is z prime?
True
Let t be ((-28)/10)/(2/(-60)). Suppose r + 3*o = 82 + t, -720 = -4*r + 2*o. Is r composite?
True
Let d be 4/12 + 1/(-3). Let s = 6 - 1. Suppose 2*j + n + d*n = 18, 0 = -s*j - 3*n + 44. Is j prime?
False
Let i(y) = y**3 + 21*y**2 + 22*y - 3. Let s be (-636)/36 + (-1)/3. Is i(s) prime?
False
Let b be (-28)/(-21)*(-15)/(-4). Suppose 2*l = -b*a + 939, 3*a - 571 = -0*a - 5*l. Is a a prime number?
False
Suppose 58 + 38 = 6*w. Suppose 21*q = w*q + 2185. Is q prime?
False
Let f be ((-16)/(-12))/(115/(-120) - -1). Suppose -f*m - 165 = -37*m. Is m a prime number?
False
Suppose -5*v = -3786 + 1026. Suppose 8*z = 12*z - v. Let w = z - -113. Is w a prime number?
True
Let p be 3580/6*21/7. Suppose p = 3*i + 7*i. Is i prime?
True
Let o = -273 + 1096. Suppose -v - 2*v - 2*w = -o, 4*v - 1089 = -w. Is v prime?
True
Suppose 4586*f = 4581*f + 196795. Is f a composite number?
False
Suppose 843038 + 1027530 = 56*s. Is s a composite number?
False
Let p = 7030 - -11509. Is p prime?
True
Let y(c) be the second derivative of 293*c**4/12 + c**3/6 + c**2/2 - 2*c. Suppose 16 = -3*p + 5*b + 3, 0 = 4*p - 4*b + 12. Is y(p) a prime number?
True
Let v(a) = -3*a**3 + 9. Let j be v(7). Let l = j - -460. Let d = 853 + l. Is d a prime number?
True
Suppose -838 = -x - 2*u, 5*x - 2*u - 2*u = 4246. Suppose 2*t + 5*d - x = -2*t, 8 = 4*d. Is t a composite number?
True
Is -5*(-11 - (-11 + 4441)) a prime number?
False
Let s = -15 - -21. Suppose 1795 = s*u - u. Is u a composite number?
False
Suppose 4*f - 3677 = 3343. Let n be 2/(-4) + f/26. Let i = n + 238. Is i prime?
False
Suppose 4*a = v - 0*v + 15, 0 = -3*a + v + 11. Suppose -4*x - 214 = -5*x - a*y, 5*x = 4*y + 1022. Is x a prime number?
False
Suppose -4 = -3*k + k. Is (16/(-20))/(k/(-1115)) prime?
False
Let v = -2208 + 3590. Is v composite?
True
Let a be 6*-2 - 3 - 3. Is (-2509)/(-2) - (4 + a/4) a composite number?
True
Let b(o) = o**3 - 3*o**2 + 4. Let x be b(3). Let t = 1438 + -1433. Suppose -x*v + 0*v - 557 = -5*j, t*v - 421 = -4*j. Is j prime?
True
Let g = -11915 - -18912. Is g a composite number?
False
Suppose 2*v - 596 = 48. Suppose u - 4*u - 4*m = -938, -m - v = -u. Suppose 0 = 3*i + f - 467, i + 4*f = -i + u. Is i prime?
False
Suppose 3*x = 5*i + 3994, 2*x = 6*x + i - 5356. Suppose 0 = 108*u - 105*u - x. Is u prime?
False
Suppose c - 9 = -5*z, -2*c = 3*c + 2*z - 22. Suppose 198 - 494 = -c*t. Let q = 217 - t. Is q composite?
True
Suppose 0 = 3*i - 1023 - 9270. Is i composite?
True
Let x be (60/25)/(6/20). Suppose x = 3*u - 2*u + j, 2 = u - j. Suppose -5965 = -0*l - u*l. Is l a composite number?
False
Let w = -13 + 45. Let k be ((-33)/(-44))/(1/w). Let j = k - -109. Is j a prime number?
False
Let w(i) = 45*i**3 - 6*i**2 - i + 9. Is w(3) prime?
False
Suppose -4*n - 13506 = -d, -2*n - 76489 + 22409 = -4*d. Is d a prime number?
False
Suppose 0 = -11*n + 12*n - 14693. Is n composite?
True
Suppose -5*x - 812 - 1187 = -2*m, 2034 = 2*m + 2*x. Let q(w) = 96*w + 35. Let r be q(-6). Let z = r + m. Is z a prime number?
False
Suppose -6*t - 2 + 32 = 0. Suppose a = 9 + t. Is a a composite number?
True
Suppose 10*u - 15*u = -z + 1857, 2*z = 3*u + 3700. Is z a prime number?
True
Let a = -10 - -13. Suppose 0*s + a*s - 120 = 0. Let m = 63 - s. Is m prime?
True
Let u(m) = m**2 - 29*m + 57. Let c be u(27). Suppose 3*b - 4896 = -c*g, 10*b = 11*b - 4*g - 1657. Is b a composite number?
False
Let l be 168/49 - 3/7. Suppose 0 = 2*q + l - 7. Suppose -4*h + v = -840, 6*v = -q*h + v + 398. Is h a composite number?
True
Let w(a) = 15*a**2 - 2*a - 1. Let y be w(-1). Let t be (1284 + 1)*22/55. Suppose 18*v - t = y*v. Is v composite?
False
Let w(b) = -22 + 24*b**2 - 33*b + 51*b - 34*b - 2*b**2 - b**3. Is w(17) composite?
False
Suppose -6*m + 4*m + 4*y = -63094, -5*m + 3*y = -157735. Is m prime?
True
Suppose 3*b - 4*x - 344 = 0, 2*b = -0*b - 5*x + 191. Suppose a + 11 = t + b, 3*t + 270 = -4*a. Is t/(3*(-2)/3) prime?
True
Let q = 9 + -9. Suppose q = -2*g + g - 25. Let z = g - -38. Is z a prime number?
True
Suppose -g + 2*g = 3. Suppose 4*m + 2352 = 5*z + 168, -g*m = -3*z + 1308. Let i = z + -133. Is i prime?
True
Let p(l) = 289*l + 212. Is p(5) a prime number?
True
Suppose 0 = -2*t - 10, p + 13 = -0*t - 3*t. Suppose 0 = -c + 3*k + 829, -p*k + 3*k + 2503 = 3*c. Is c a prime number?
False
Let h = 14 - 11. Let g = h - 1. Is (356 + -2)/(g/1) composite?
True
Suppose 0 = 6*v - 10*v - 32. Is ((-4228)/8 - -8)/(6/v) prime?
False
Let i(n) = -3*n - 33. Let l be i(-12). Suppose -4*t + 12878 = l*c - 7631, 25635 = 5*t + 4*c. Is t a prime number?
False
Let h(x) = -4991*x - 6. Is h(-1) a prime number?
False
Suppose -4*s = -q + 62, -2*s = -1 - 5. Let m = -4 + 6. Suppose -2*u + 64 = 3*l, m*u - l = -u + q. Is u composite?
True
Let z(m) = -3*m - 1. Let b be z(-2). Suppose -b*c + 3315 = 5*n, -3*n + n + 660 = c. Let s = c + -451. Is s prime?
False
Let p = 0 - -2. Suppose -k + p = -18. Suppose 6 + k = n. Is n composite?
True
Suppose -4*s = 4*c + 28, 24 + 27 = -3*s + 3*c. Is (-21)/14*424/s a composite number?
False
Let g = 32 - 32. Suppose f + 5*x = -g*f + 7, -4*f = x - 85. Is f a composite number?
True
Suppose -4*k + p - 3597 = 0, -4*k = k - p + 4495. Is 2*(-4)/16*k a prime number?
True
Suppose 2*a - 4*s + 9*s = 29579, 2*s = -6. Is a a composite number?
False
Suppose 3*z + 159608 = 2*l + 23074, -5*z + 68241 = l. Is l a prime number?
True
Let o(r) = 12*r - 11. Let d(k) = 2*k**3 + 2*k**2 + 4*k + 2. Let s be d(-2). Let i = -5 - s. Is o(i) a prime number?
True
Let z = -36 + 39. Is z/1*662/6 composite?
False
Let b be 881/(-2)*-1 + (-1)/(-2). Suppose -677 = -k + 4*o, 4*k - 2362 - b = -3*o. Is k prime?
False
Let f = -92 + 95. Suppose f*t = t + s + 3033, -s - 6061 = -4*t. Is t composite?
True
Let w(t) = 48*t**3 - 19*t**2 - 6*t + 3. Is w(4) a composite number?
True
Let t(d) = 30*d**2 - 2. Let x be t(4). Let i = x - -265. Is i prime?
True
Let j = -25 + 30. Suppose -2*t + 5*t = -j*y + 3555, -3*t + 699 = y. Let o = y + -352. Is o a prime number?
False
Suppose -4*a = f - 157672, -4*a = 5*f - 132705 - 24951. Is a composite?
False
Suppose 27*w + 9613 - 282556 = 0. Is w prime?
False
Let s = -16 + 21. Suppose -5*c - 3*p + 15 = 0, 5*c + 15 = -2*p + s*p. Is (8 - (c + 4)) + 405 composite?
False
Let v(d) = -d**3 - 4*d**2 - 2*d + 3. Let g be v(-3). Is g + 7/(-21) - (-3328)/3 composite?
False
Suppose -17*p - 22*p + 1438593 = 0. Is p a prime number?
True
Is (-2)/(-12) - 186967/(-66) composite?
False
Let o(s) = 5*s**3 - s**2 - 4*s + 2. Let z be o(2). Is ((-3)/(-2))/(z/6520) a prime number?
False
Let f(g) = 4*g - 56*g - 15*g - 7. Is f(-12) composite?
False
Suppose -1 = o, 2*f + 3*o = 7*o + 2. Let w be 6/(-4)*2/f. Suppose w*k = -k + 740. Is k a composite number?
True
Let w be 12/(-30)*(-75)/6. Suppose 3*h - o = -w*o - 370, 632 = -5*h + o. Let k = h - -527. Is k composite?
False
Suppose 2*a - 1520 = -3*f, -6*a + 3*a + f = -2302. Suppose 2*z - a = -2*v - 0*v, -v = -4*z + 1512. Is z composite?
False
Suppose 7*r + 8 = 120. Suppose r*x - 10*x = 10398. Is x prime?
True
Suppose 0 = 3*r - 4*r - w + 1358, -r + 3*w = -1370. Is r a prime number?
True
Let c(z) = 721*z - 31. Is c(8) prime?
True
Suppose -5*x + q - 2*q = -41318, 16517 = 2*x - 3*q. Is x composite?
False
Let p(r) = -2*r**2 - 16 + 23 - 15*r**3 - 101*r**3 + 4*r. Is p(-2) a composite number?
False
Suppose 27*b - 4018 = 48605. Is b a prime number?
True
Is -6 - (2 - (542 - -7)) composite?
False
Let r(g) = -g + 2. Let s be r(3). Let n(t) = -6 + t**2 + 2 - 91*t**3 + 5 + t + t. Is n(s) a prime number?
False
Let q(v) = 6*v**2 - v + 953. Let m(d) = -d**2 + 4*d. Let n be m(4). Is q(n) a prime number?
True
Let u = 41 + -37. Suppose -u*t = -5*t + 4*h + 449, -2*t + 910 = 4*h. Is t a prime number?
False
Let z(x) = x**2 + 9*x + 12. Let d be z(-6). Is (4172/(-6))/(d/9) composite?
True
Let a be 1/((-3)/(-9) - 0). Let f(n) = 20*n**2 + 5. Is f(a) a prime number?
False
Let j(s) = -4*s - 17. Let q be j(-4). Is 18680/(-8)*1/q com